
1
Let w(i) be the third derivative of -i**6/120 + i**5/10 - 13*i**4/24 + 11*i**3/6 - i**2 - 4146. Determine w(5).
-29
Let u(w) = w**3 + w - 3. Suppose 9*l - 13*l = -568. Suppose 5*p = 3*f - l, 3*p + 44 = p - 2*f. Let q = -26 - p. Calculate u(q).
-3
Suppose -7*s - 14*z - 32 = -4*s, -2*s - z = 13. Let f(h) = 19*h + 89. Give f(s).
-25
Let w(h) = -78*h**2 - h**3 - 12*h + 27*h + 93*h**2 + 33. Determine w(16).
17
Let p(w) be the second derivative of -1 - 7/12*w**4 - 2*w**2 + 0*w**3 - 9*w + 1/20*w**5. What is p(7)?
-4
Let f = -132 - -219. Suppose 0 = 4*j + 25*j - f. Let k(n) = -2*n - 1. Give k(j).
-7
Let d(s) be the second derivative of -s**4/6 + 8*s**3/3 + s**2 + 26*s - 21. Calculate d(8).
2
Let o(t) = t**3 + 5*t**2 - 6. Let h be ((-12)/(-15))/((-10)/50)*-1. Let i = 7 + -2. Suppose 0 = -2*g - m + 3 - 13, 0 = g - h*m + i. Determine o(g).
-6
Let d be (0 - 34 - 0)/(17/136). Let x be d/34 - (1 - 6). Let y(n) be the third derivative of n**6/120 + n**5/15 + n**4/12 - n**3/2 + 2*n**2. Calculate y(x).
0
Let w(i) be the third derivative of -i**6/120 - 13*i**5/60 - 5*i**4/8 - 19*i**3/3 - 109*i**2 + 2. Calculate w(-12).
-2
Let a(s) = -s + 2. Let z(d) = -1. Let k(c) = a(c) + 6*z(c). Let i = -9 + 9. Suppose -3*j + 11*j + 32 = i. Calculate k(j).
0
Let m(u) be the first derivative of -u - 1/4*u**4 - 1/2*u**2 - 2/3*u**3 - 68. Determine m(-3).
11
Let r(u) = 3*u**3 - 1206 - 1147 + u - 2*u**3 - u**2 + 2421. What is r(0)?
68
Suppose 3*q - 18 = -11*g + 15*g, q = 4*g + 6. Let f(w) be the first derivative of g*w + 1/2*w**2 - 24. What is f(6)?
6
Suppose 2*p = 5*m - 80, 5*p - 3*p - 80 = -5*m. Let y(d) = d**3 - 16*d**2 - 3*d - 6. Give y(m).
-54
Suppose -3*k + 123 = 3*p, 0 = 2*p - 12*k + 11*k - 70. Suppose 9*b = p*b + 112. Let q(n) = -n + 2. Give q(b).
6
Let x(k) = -3*k. Let u(l) = -2*l + 2. Let g(z) = 2*u(z) - 3*x(z). Let w = -13 + 18. What is g(w)?
29
Let i(r) = r + 3. Suppose -26*c - 6 = -28*c. Let g(s) = 0 + 5 - c*s + 4*s - 4. Let m(u) = -6*g(u) + i(u). Determine m(-3).
12
Let c(u) = -118 - 124 - 182 - 143 + 440 + 30*u. What is c(6)?
53
Let f(k) = 165 - 2*k + 112 + 104 - 375. Determine f(4).
-2
Let r(w) = 32*w + 2528. Let j be r(-79). Let s(a) be the third derivative of 10*a**2 - 1/4*a**4 + j*a + 0 + 2/3*a**3 - 1/30*a**5. Give s(-5).
-16
Let v(u) = 11*u**2 + 2*u - 6 + 59*u**3 - 32*u**3 - 28*u**3 + 1. Suppose 5*o - 43 - 12 = 0. What is v(o)?
17
Let y(r) = -28*r**3. Let k(d) = -67*d**3. Let l(i) = -7*k(i) + 17*y(i). Determine l(-1).
7
Let h = 18718 - 18697. Let o(g) = -18*g + 373. What is o(h)?
-5
Let f(o) = 58*o**2 + 3*o - 5. Let p be f(1). Let m(w) = 21 + p*w - 165*w - 2*w**2 + 53*w + 40*w. Determine m(-9).
3
Let q(m) = m**3 - 5*m + 5. Let r be q(2). Let s(n) = 2*n - 2 - 29*n**3 + 55*n**r - 27*n**3 - 2*n**2. Give s(-3).
1
Let t(a) be the third derivative of a**6/30 + a**5/30 - a**3/6 - 2*a**2. Let x = 210 - 97. Let l = x - 112. Give t(l).
5
Suppose -16*w - 1610 = -21*w. Let o(a) = -w + a + 629 - 321. What is o(6)?
-8
Let b(z) = -7*z**2 + 37*z - 11. Suppose 49*c + 55 = -195*c + 1275. Give b(c).
-1
Suppose 4*c - 112*z = -109*z - 3, -z = 7. Let i(x) = -x**3 - 10*x**2 - 25*x. Give i(c).
6
Let o(t) = -t**2 + 7*t - 5. Suppose -425 = -2*z - w, 2*w + 12 = 6*w. Let b = z - 204. Determine o(b).
-5
Let j(m) = -9*m - 93. Let u be j(-12). Suppose -6*f + u = 3. Let i(p) = p**2 + 3*p - 3. Give i(f).
7
Let f(l) be the third derivative of 0 + 96*l**2 - 5/12*l**4 + 0*l - 1/2*l**3. Determine f(-2).
17
Let c(t) = t**3 + 7*t**2 - 6*t + 9. Let z = 40 - 33. Let u be ((-18)/(-15))/(3/5). Suppose -u*m - 23 = -z. What is c(m)?
-7
Suppose -18*n = 10*n. Let t = 30 + -28. Let y(h) = 25*h - 24*h - 3*h**t - 13 - h**3 + 4*h**2. Give y(n).
-13
Let x(n) = 3*n. Let b(i) = -2*i. Suppose 32 - 3 = 4*v + 3*w, 4*v - 35 = 3*w. Let d(a) = v*b(a) + 5*x(a). Suppose 0 = 9*t - 21*t. What is d(t)?
0
Let f(t) = t**2 + 12*t + 35. Let m be (-1 - (-33)/(-15)) + 3 - (-261)/(-45). What is f(m)?
-1
Let t(b) = 6*b**3 + b**2. Let z(m) = -5*m + 19. Let r be z(0). Let o = -20 + r. Determine t(o).
-5
Let h(y) = -25*y**2 + 34*y**2 - 67 + 4 + 59 - 5*y. Determine h(-2).
42
Let p = -7146 - -7156. Let s(z) = 3*z**2 - 35*z + 6. Determine s(p).
-44
Let x(t) = -15083 - 4*t - 3*t + 5029 + 5027 + 5026. Suppose 22 = 3*d + 2*a, d + 4*a - 9 - 15 = 0. Determine x(d).
-29
Let s = 23 + -35. Let x be -5*(s/(-15) - 1). Let r(k) = k + 2 + 3 - 7 + x. What is r(-6)?
-7
Let o be (5*2)/((-10)/((-20)/4)). Let c(y) = -28 + o*y - 6*y + 24 + 0*y. Determine c(-5).
1
Let c(r) = -15*r - 57*r**2 + 37 + 35*r**2 - 14 + 21*r**2. Give c(-16).
7
Suppose 6*l + 50 = 62. Suppose s = -2*y - 13 + 31, -y = l*s - 21. Let u(f) = -f**2 + 12*f + 4. Give u(s).
36
Let c(r) = 8*r**3 + 12*r**2 + 5*r + 4. Let b(y) = 16*y**3 + 26*y**2 + 11*y + 9. Let x(g) = 6*b(g) - 13*c(g). Calculate x(-1).
9
Let s(a) be the second derivative of -4*a**3/3 + a**2/2 + 6147*a. Suppose -3*t - 6 + 3 = 0. Determine s(t).
9
Let b = 15 + -20. Let d(k) be the second derivative of -k**5/20 - k**4/2 - 5*k**3/6 + 10*k - 23. Determine d(b).
0
Let d(v) = v**2 - 4*v - 7. Let z be d(-2). Suppose 0 = 4*y, -n + 2 = z*y - 2*y. Let h(k) = k - 3*k + k**3 + 3 + 7*k**2 - 4*k - k**n. What is h(-7)?
-4
Let l(b) = -b**2 - 7*b - 4. Let n = -198 - -202. Suppose -4*u = -n*w + 28, 3*u - 4*w + 14 = -9. Calculate l(u).
6
Let p(b) = -186*b - 10974. Let w be p(-59). Let h(a) = -23*a + 26. Calculate h(w).
26
Let w(m) be the second derivative of m**5/10 + m**4/3 - m**3/3 - m**2 - 744*m. Determine w(-3).
-14
Let u(n) be the second derivative of 9*n - 1/2*n**2 + 1 + 7/6*n**3. Calculate u(-1).
-8
Let v be (-1)/(-4) + 3 + (-20)/16. Let p(k) = v*k**2 + 8*k + 5*k**2 + 7 - 5*k - 8*k**2. Give p(7).
-21
Let g = 6 + -8. Let z(n) = -3 + 12319102*n**2 + 4*n + 6 - 12319104*n**2. Give z(g).
-13
Let a = 1317 - 1332. Let x(o) = -o**2 - 13*o + 35. Determine x(a).
5
Let c(y) = -18 + 53 - 7 + 60*y - 20 - 11. Calculate c(-1).
-63
Let n(g) = 5*g - 16*g + 5*g**2 + 334 + 9*g - 336. Give n(-2).
22
Suppose 16*t - 11*t = 56*t - 357. Let h(q) = 10*q - 69. Determine h(t).
1
Let h(m) = m**2 + 93*m - 7. Let j(r) = 156*r - 13. Let n(b) = 5*h(b) - 3*j(b). Give n(1).
6
Suppose -195*l + 199*l - 3*a = 5, 4*a = l + 2. Let d(n) = n**2 + 5*n - 7. Calculate d(l).
7
Let s(r) = -r**2 + 3*r - 25. Let v(u) = -4*u**2 - 16*u + 67. Let m(d) = 3*s(d) + v(d). Determine m(-3).
-50
Let m(o) = 10*o**2 + 15*o + 188. Let y(t) = 9*t**2 + 16*t + 180. Let d(s) = 8*m(s) - 9*y(s). Give d(-7).
3
Let d(g) = 7*g - 4. Let o(z) = 58*z + 22. Let a(h) = 9*d(h) - o(h). What is a(12)?
2
Let o(d) = -d**2 - 32*d - 10. Let m(q) = -5*q - 1. Let n(t) = -5*m(t) + o(t). Suppose 2*h + c + 3 = 0, h = 6*h + 5*c - 5. What is n(h)?
7
Let h(n) = 6*n**3 + 11*n**3 - 4*n**2 + 11*n - 23*n**3 + 9*n**3 - 15 - 4*n**3. Calculate h(-6).
-9
Suppose 0 = -5*g - 4*s + 1, 0 = -g + 3*s - 4*s. Let a(b) be the second derivative of 2 - 11/12*b**4 - 1/6*b**3 - 17*b + 0*b**2. Give a(g).
-12
Let w = 289 + -276. Let i be 19/4 + 4/(w + 3). Let y(k) = 0*k - 16 + k + 10. Calculate y(i).
-1
Let f(x) = -x**2 - x + 148. Let c = 14180 + -14193. Calculate f(c).
-8
Let r(b) = 3*b**3 - 20*b**2 - 7*b - 33. Let m(y) = y**3 - 10*y**2 - 3*y - 16. Suppose 26 = 12*g + 2. Let d(a) = g*r(a) - 5*m(a). What is d(-10)?
4
Let a = -540 - -542. Let b(g) = -2*g**2 - 6*g + 4. Calculate b(a).
-16
Let k(q) = 2*q - 21. Let i(v) = -v**2 + v - 1. Let u(r) = -3*i(r) + k(r). Let j(g) be the first derivative of u(g). Let p = 87 + -88. Determine j(p).
-7
Let o(g) be the second derivative of -g**5/10 + 11*g**4/12 + 5*g**3/6 + 5*g**2 - 427*g. Determine o(6).
4
Let o be 77/14 + -3 + (-9)/(-6). Let r(d) be the second derivative of 15/2*d**2 + 1/6*d**3 + 0*d**o - 1/20*d**5 + 0 - 12*d. Determine r(0).
15
Suppose -97*q + 94*q - 5 = 5*k, 5*k + 5*q - 5 = 0. Let z(t) = 21*t + 90. Calculate z(k).
6
Let n(u) = -109*u**3 - 13*u**2 + u + 14. Let r(v) = -97*v**3 - 12*v**2 + v + 13. Let z(m) = -8*n(m) + 9*r(m). What is z(-3)?
-7
Let d(p) be the first derivative of -58*p - 4*p**2 - 202 + 2*p**2 + 34*p + 27*p. Determine d(5).
-17
Let p(n) = 2*n**3 + 73*n**2 - 27*n + 367. Let r be p(-37). Let f(u) = -u**2 - 15*u - 31. Give f(r).
5
Let j be (-15)/75 + 12/10. Suppose -4*t = j - 9. Suppose -3*w = -10 - t. Let u(y) = -y**3 + 2*y**2 + 2*y + 3. Give u(w).
-21
Let z(b) = 2*b**2 + 33*b 